is 100101011011010111100111 - -110010?
100101011011011000011001
In base 5, what is -1043410 - -224?
-1043131
In base 13, what is -21 + -231c03?
-231c24
In base 8, what is 55102123 + 0?
55102123
In base 10, what is -406109 - 0?
-406109
In base 14, what is 44367 + 7?
44370
In base 8, what is -1100 + 172762?
171662
In base 14, what is -4c54d3 + 14?
-4c54bd
In base 14, what is 3 + -186b171?
-186b16c
In base 11, what is 2 + 229a0232?
229a0234
In base 16, what is 38ea47 - -1d?
38ea64
In base 15, what is 4e - 2023d?
-201de
In base 3, what is -11200110 + 1110121?
-10012212
In base 5, what is 221234312 - 2?
221234310
In base 5, what is 101202310 - 2210?
101200100
In base 11, what is 11 + -7a118?
-7a107
In base 16, what is 2 - -105da2f?
105da31
In base 6, what is -2440554551 - 4?
-2440554555
In base 2, what is 100 + 10010011000001011011011110?
10010011000001011011100010
In base 4, what is 1303120131203 + -10?
1303120131133
In base 3, what is -201002122221 - -101222?
-201002020222
In base 12, what is -13683 - -3a79?
-b806
In base 3, what is 100210201012022 - -10?
100210201012102
In base 8, what is 367407 - -350?
367757
In base 7, what is 34251043 - -304?
34251350
In base 13, what is -83 - -1bc544?
1bc491
In base 9, what is -1600777756 - 2?
-1600777758
In base 13, what is 119 + -b4aa?
-b391
In base 7, what is -5 + -340462255?
-340462263
In base 6, what is -3 - 21202214520?
-21202214523
In base 6, what is -10445515402 - -1?
-10445515401
In base 11, what is 264 - -532?
796
In base 5, what is -42 - 1244220043?
-1244220140
In base 3, what is 11121202 - -222111?
12121020
In base 6, what is -251 - -21200210?
21155515
In base 8, what is 10022 - -60315?
70337
In base 4, what is 30011100320 + -101?
30011100213
In base 14, what is -632db + 20?
-632bb
In base 6, what is 14 + 220403434?
220403452
In base 12, what is -127 - 155453?
-15557a
In base 10, what is -102262681 - -1?
-102262680
In base 5, what is 13304441 + -4103?
13300333
In base 7, what is 546 + -3253265?
-3252416
In base 12, what is 6309 + -928?
55a1
In base 12, what is -237b19 - 60?
-237b79
In base 6, what is 41 + 1054500?
1054541
In base 16, what is -e5 - c618?
-c6fd
In base 15, what is -112 + -109245?
-109357
In base 16, what is -dc104 - 6f?
-dc173
In base 14, what is -76c - -2520?
1b92
In base 16, what is a1 + 18d33?
18dd4
In base 9, what is -3 + 2557061?
2557057
In base 13, what is c5a82 - -358?
c610a
In base 16, what is 6a2bcfa + 7?
6a2bd01
In base 14, what is 15148a19 - 5?
15148a14
In base 9, what is 130825 - 4231?
125584
In base 3, what is -1 + -122012212201?
-122012212202
In base 14, what is -17740 - -19a?
-17584
In base 7, what is 10024 + -53425?
-43401
In base 13, what is -469b4 - -bb?
-468c6
In base 8, what is -4 + 3311733?
3311727
In base 10, what is -4691 - -8376?
3685
In base 16, what is -364cf7c - 4?
-364cf80
In base 13, what is 9 - a4c1432?
-a4c1426
In base 4, what is 320 - 32010203211?
-32010202231
In base 15, what is -ed - -521d?
5120
In base 3, what is -21110012121 + 20200?
-21102221221
In base 16, what is -12 - -21171?
2115f
In base 10, what is -8262 - -1700?
-6562
In base 11, what is -4 + -97a48a0?
-97a48a4
In base 8, what is 4 + -13174735?
-13174731
In base 16, what is 275ed - -2a?
27617
In base 15, what is -2916a - 12?
-2917c
In base 7, what is 4 - 205324006?
-205324002
In base 10, what is -1 + -3356413?
-3356414
In base 4, what is -11 + 1223300123?
1223300112
In base 3, what is -100221221 - 12210210?
-120202201
In base 13, what is 1c52c41 - 7c?
1c52b92
In base 7, what is 421400 - 563?
420504
In base 2, what is 111100101100001 + 11111001?
111101001011010
In base 3, what is 1 + -1120000020222202?
-1120000020222201
In base 7, what is -10012 - -1254?
-5425
In base 3, what is 21 + -10022010101020000?
-10022010101012202
In base 15, what is 1 + 2e64dd?
2e64de
In base 8, what is -36612436 - 23?
-36612461
In base 7, what is -350 - -35322042?
35321362
In base 7, what is 21316013 + -36?
21315644
In base 11, what is -1 + 40131449?
40131448
In base 3, what is -212002012 - -12222201?
-122002111
In base 5, what is -1212024213 - 10?
-1212024223
In base 2, what is 11111 + -111010000000001001?
-111001111111101010
In base 10, what is 215 - 84973?
-84758
In base 16, what is -1 + -30d6c?
-30d6d
In base 9, what is 5 - -64472718?
64472724
In base 6, what is 442500431432 + 2?
442500431434
In base 7, what is 1013662 - -440?
1014432
In base 4, what is 312023230231 - 100?
312023230131
In base 4, what is 10 + -201102322323?
-201102322313
In base 2, what is -10001011101001010010 - -10000011101?
-10001011011000110101
In base 6, what is -113501322 + -3?
-113501325
In base 10, what is 1132 - -654?
1786
In base 16, what is 1a764397 - 4?
1a764393
In base 4, what is 10313030212 - -201?
10313031013
In base 13, what is -7c63 + 189?
-7aa7
In base 13, what is a203 + 3965?
10b68
In base 15, what is -1292 - 5579?
-681b
In base 10, what is 736550 - -873?
737423
In base 12, what is 1717 + -584?
1153
In base 7, what is 3 - -211056501?
211056504
In base 14, what is 0 + 3db68?
3db68
In base 4, what is 121031321 + -111201?
120320120
In base 12, what is 2 + 29baba99?
29baba9b
In base 12, what is -371103 + -66?
-371169
In base 8, what is 27547377 + 27?
27547426
In base 11, what is -55 - 260398?
-260442
In base 10, what is 3 - -17778945?
17778948
In base 11, what is -8043 + -15209?
-22251
In base 7, what is -10 + -360003223?
-360003233
In base 3, what is -2 + -110221011000100?
-110221011000102
In base 13, what is 4b44 - -1073?
5bb7
In base 5, what is 11114 + 314041?
330210
In base 10, what is -4968876 + -27?
-4968903
In base 8, what is -4237 - 10666?
-15125
In base 15, what is -3662823 + 2?
-3662821
In base 16, what is -2 + -4e4792b?
-4e4792d
In base 14, what is 939 - -dd87?
108c2
In base 2, what is -11000111111101101 + -1101011?
-11001000001011000
In base 12, what is -3888719 + -20?
-3888739
In base 7, what is 4621245 - -23?
4621301
In base 9, what is -303835 + 35?
-303800
In base 9, what is -11665836 + -15?
-11665852
In base 8, what is -6501 + -6121?
-14622
In base 11, what is 35816a6 + 4?
35816aa
In base 6, what is 11210 + 215320?
230530
In base 14, what is -23c83b0 + -9?
-23c83b9
In base 2, what is -101011101011000101101 + -10?
-101011101011000101111
In base 10, what is 3 + 34466146?
34466149
In base 6, what is 13415242525 - 1?
13415242524
In base 6, what is 121042 - 4304?
112334
In base 8, what is 0 - 3676763?
-3676763
In base 5, what is -1043133131 + 2?
-1043133124
In base 2, what is -101110001010010 + 100000010?
-101101101010000
In base 4, what is -10001023 + -23011?
-10030100
In base 6, what is -54335335314 + 5?
-54335335305
In base 8, what is -3 - 173727536?
-173727541
In base 12, what is 8 + -63b4289?
-63b4281
In base 13, what is 2a2c1 - -4c7?
2a7b8
In base 13, what is 2a1c - 5871?
-2b52
In base 5, what is 3433303010 - -13?
3433303023
In base 11, what is 270a1 + 54a?
27640
In base 15, what is -10 + -1804d2?
-1804e2
In base 12, what is -12b - 96150?
-9627b
In base 7, what is 10 + -165363122?
-165363112
In base 4, what is -1123210203212 + -21?
-1123210203233
In base 5, what is -2314 - -12321323?
12314004
In base 11, what is 40209131 - 5?
40209127
In base 16, what is 0 + -a3d1e01?
-a3d1e01
In base 16, what is 4 + -479e15?
-479e11
In base 16, what is -70 - -242b9e?
242b2e
In base 10, what is -1011 + -22867?
-23878
In base 7, what is -20244164 - 11?
-20244205
In base 5, what is 4412433 + 20342?
4433330
In base 8, what is 420422 - 161?
420241
In base 9, what is 3 - -20270011?
20270014
In base 8, what is -1403 + 25470?
24065
In base 5, what is -3 - 1102303234?
-1102303242
In base 15, what is 73e3 - 99?
7349
In base 13, what is 5 - -992106?
99210b
In base 3, what is 1112001011222 - -111210?
1112001200202
In base 8, what is 7 + -4073742?
-4073733
In base 2, what is -111101111001 - 1000011000?
-1000110010001
In base 13, what is -c7c8 + 254?
-c574
In base 12, what is -4940 - -255?
-46a7
In base 8, what is -174346260 + -34?
-174346314
In base 7, what is -4 + 4366344644?
4366344640
In base 13, what is -1001b1 + -170?
-100351
In base 10, what is -23076 + 357?
-22719
In base 4, what is 20022 + -1200112?
-1120030
In base 8, what is 372517546 - 3?
372517543
In base 11, what is 5508 - -1228?
6735
In base 10, what is -267906771 - 0?
-